9
Let r be 3/6 + (-4)/(24/75). List the prime factors of (-9)/((-16)/(-1064)*7/r).
2, 3, 19
Suppose -408 + 1974 = -9*k. Let g = 339 + k. What are the prime factors of g?
3, 5, 11
Suppose 10*h = -2*l + 13854, 4*l + l - 4*h = 34664. List the prime factors of l.
2, 1733
Let x(z) = 2*z**3 + 13*z**2 + 10*z + 20. Let d be x(-6). What are the prime factors of (-6 + -2 - d) + 5670/7?
2, 13, 31
Let y(c) = 12*c + 9. Let b be y(3). Suppose -5*u - 5*l + b = 0, -3*u = -3*l - 9 - 0. Suppose u*q = -0*q + 606. List the prime factors of q.
101
List the prime factors of (51738/14)/(32/448) + -13.
5, 2069
Let t = -165 + 120. What are the prime factors of (3/2)/((t/(-5268))/5)?
2, 439
Let a be (-16)/(-6)*(-42)/(-28). Suppose -z = a*c - 703, 0 = 15*z - 11*z - 4*c - 2832. List the prime factors of z.
7, 101
Let f = 5444 + 16048. List the prime factors of f.
2, 3, 199
Let y be 11 - (12/(-42))/(1/(-7)). Suppose -u + 4*a = -426, y*u - 5*a + 2055 = 14*u. List the prime factors of u.
2, 3, 23
Let b = 118347 + -29657. List the prime factors of b.
2, 5, 7, 181
Let h be 763/(-3) - 1/(-3). Let r = 408 + h. List the prime factors of r.
2, 7, 11
Let r be (-4)/(-6)*564/8 + 1. Suppose 0 = -39*z + r*z - 2745. What are the prime factors of z?
5, 61
Suppose 1753675 = 609*o - 527639. What are the prime factors of o?
2, 1873
Suppose 2*s + d + 139 = 0, -d - d = s + 71. Let o = -45 - s. List the prime factors of o/15 - 2 - (-426)/15.
2, 7
Let x(g) = 25*g**3 - 15*g**2 - 2*g + 26. List the prime factors of x(4).
2, 13, 53
Suppose -435261 = 81*b - 291646 - 1906418. List the prime factors of b.
7, 3109
Suppose 8*w = 4*w - 436. Let v be (4/((-32)/612) - 1)*2. Let s = w - v. List the prime factors of s.
2, 23
Suppose -3*n = -5*n + 12. Suppose 570 = -t + n*t. List the prime factors of t.
2, 3, 19
List the prime factors of 147258/144 + -6*5/(-80).
3, 11, 31
Let k(n) = 114*n**2 + 24*n + 122. What are the prime factors of k(-7)?
2, 5, 277
Let r(l) = 45*l**2 - 6*l - 141. Let y be r(20). Suppose 15*b - 351 = y. List the prime factors of b.
2, 3, 67
Let b = -24 - -29. Let q(a) = -a**2 - 4*a + 3. Let x be q(b). Let y = 44 + x. What are the prime factors of y?
2
Let m = -36 + 71. Suppose -4*z = z + 3*b + m, -7 = z - b. What are the prime factors of 7/(z/68)*-2?
2, 17
Let y = -1152 - -607. Let m = 285 - y. What are the prime factors of m?
2, 5, 83
Suppose 4*x + 12 = 0, c - 2*x - 28811 + 6750 = 0. List the prime factors of c.
5, 11, 401
Let h(v) = -v**3 - 100*v**2 - 174*v - 1296. What are the prime factors of h(-100)?
2, 3, 11, 61
Let z(l) = l**3 - 5*l**2 - 5*l - 1. Let u be z(6). Suppose 5*s - 15 = -3*f, -s - 9 = u*f - 4*s. Suppose 5*k - 6*k + 117 = f. What are the prime factors of k?
3, 13
Suppose w - 459 = 10*w. What are the prime factors of (10/(-15))/(4/6) - w?
2, 5
Let g = -78534 + 138097. List the prime factors of g.
7, 67, 127
Let l = 0 - -293. Suppose 3*u = l + 295. Let w = u + -95. List the prime factors of w.
101
Let a(h) = 225*h + 66. List the prime factors of a(24).
2, 3, 911
Let p = 591 + -595. Let m(c) = -23*c**3 - 2*c**2 + 5*c - 13. List the prime factors of m(p).
3, 7, 67
Let f(r) = 44*r**2 + 3*r. Let s be f(1). Let v = s - -41. What are the prime factors of v?
2, 11
Let w = 8454 + -6154. What are the prime factors of w?
2, 5, 23
Let v = -1452 + 816. Let y(x) = -x**3 + 6*x**2 - 3*x - 2. Let j be y(6). List the prime factors of v/j + (-6)/(-30).
2
Let g = 84 - 75. Suppose -4384 = c - g*c. What are the prime factors of c?
2, 137
Let h(j) = -j**3 + 8*j**2 + 7*j + 23. Let s be h(9). Suppose -3 = s*i + 7. What are the prime factors of (-81)/(-6) - (-6)/8*i?
2, 3
What are the prime factors of (-77061)/34*(-18)/27?
1511
Let s(x) be the second derivative of 161*x**3/2 + 59*x**2/2 + 2*x + 5. What are the prime factors of s(3)?
2, 13, 29
Let c = 60511 + -31820. What are the prime factors of c?
13, 2207
Let a(v) = 27089*v - 262. List the prime factors of a(1).
139, 193
Suppose -232*c = 333*c - 20177845. List the prime factors of c.
71, 503
Let s(o) = o**2 - 11*o + 2. Let w be s(11). Suppose -8 - w = -5*r. Suppose -r*y = -4*y + 48. List the prime factors of y.
2, 3
Let a = -838 + 1189. Let k = a - 160. Suppose -w - k - 29 = -4*r, 2*r - 110 = -2*w. List the prime factors of r.
5, 11
Suppose -2*f + 8 = r, 7*f - 16 = -2*r + 2*f. Suppose -3*i = -4 - r. Suppose 0 = -i*k + 4*o + 132, 0*k + 2*k + 5*o - 31 = 0. What are the prime factors of k?
2, 7
Let p be (2/14)/((-36)/(-252)). What are the prime factors of 0 + p/4 + 251959/596?
3, 47
What are the prime factors of 228/399 - 7/(98/(-118684))?
2, 3, 157
Let g be (21 - 19)/(0 + -2) - -3. Suppose -5*m + 4415 = 4*t, 0 = g*t + 9 + 1. What are the prime factors of m?
887
Suppose -5*i - 2*w + 45 = 0, -2*i + 18*w = 13*w - 47. Let y(g) = 9*g**2 - 42*g + 319. List the prime factors of y(i).
2, 11, 43
Let a = -133 - -139. Let u(b) = 14*b**2 - 9*b - 31. List the prime factors of u(a).
419
Let g(q) = -15*q - 79. Let h(n) = n**3 + 12*n**2 - 31. Let k be h(-11). Let z = -98 + k. What are the prime factors of g(z)?
41
Let j = -10811 - -19439. List the prime factors of j.
2, 3, 719
Suppose 5*x - 12*x = -35. Suppose 4*m = 4*i + 2*m - 14, -i + m + x = 0. What are the prime factors of (-16 + 14)*(-175)/i?
5, 7
Let r = 17 - 12. Suppose -3*o = 6*c - 2*c - 83, 4 = -o + r*c. What are the prime factors of (o + 1)*6/2?
2, 3, 11
Let h(v) = 7*v**3 - v + 40. Let f be h(7). Suppose -5*q = -3*b - 2416, -6*q + f = -q + 3*b. List the prime factors of q.
5, 97
Suppose -4*x + 165 = x. Suppose -2*c + 81 - x = 0. Suppose -2*l + 4 = h, 3*l - 2*h - c = -l. What are the prime factors of l?
2
Let r(t) = -3*t + 9. Let a be r(5). Let c be 10/a*(1 - 4). What are the prime factors of (c - (-24)/(-4))*63/(-1)?
3, 7
Let d = 1267 + 1643. Suppose 26*p - 20*p = d. List the prime factors of p.
5, 97
Suppose 0 = -3*j - 29*y + 28*y + 7995, -4*j - 4*y = -10652. List the prime factors of j.
2, 31, 43
Let c = -17209 - -37224. List the prime factors of c.
5, 4003
What are the prime factors of 613320/90 + 14/6 + -7 + 5?
5, 29, 47
Let l(g) = -60*g - 7. Let k(d) = -61*d - 5. Let i(x) = 4*k(x) - 3*l(x). What are the prime factors of i(-2)?
3, 43
Suppose -2437988 = -157*c + 416900. List the prime factors of c.
2, 2273
Let a be ((-600)/5)/(-2 + 1). Suppose a - 1457 = -7*w. What are the prime factors of w?
191
Suppose 5*n - 4*n = z - 4, 0 = 2*z + 5*n - 15. Let l(a) = 12*a**2 + 2*a - 50. What are the prime factors of l(z)?
2, 5, 13
Suppose -29*n = -25*n + 5*s - 13, -2*n - 4*s + 8 = 0. Suppose 0 = -5*u - 4*l + 2711, 2*l = n*u - 0*l - 1088. List the prime factors of u.
3, 181
Let x be (2 - 381/(-15)) + (-4)/10. Suppose -25584 = -x*n + 741. List the prime factors of n.
3, 5, 13
Let t be -44*(-2)/72 + 4/(-18). Let k be (-48 - (-4 + t))*-1. Suppose 2*l - 284 = 3*r, 3*l + 4*r - k - 347 = 0. What are the prime factors of l?
2, 17
What are the prime factors of (-11 + -7)/(-36) - ((-6434)/4 - -2)?
1607
Let y = -24198 + 52519. List the prime factors of y.
127, 223
Suppose 18*g = 422738 + 19342. List the prime factors of g.
2, 5, 307
Let v be (2545/(-10))/((-3)/6). Suppose 3*j - v - 424 = 0. List the prime factors of j.
311
Suppose 5*h - 109809 = a, -21*h + 5*a + 21981 = -20*h. List the prime factors of h.
21961
Suppose 4*g + 9 - 1 = 0. List the prime factors of 256/40*((-153)/g - -1).
2, 31
Let n(x) = 60*x**2 + 155*x - 2398. What are the prime factors of n(24)?
2, 7, 11, 233
Suppose -2*y - 2*y = -6*y. Suppose b - 1086 = -3*h, h + 2*h + 2*b - 1086 = y. Suppose 5*s - 2*r - h = 3*s, -3*r = -4*s + 719. List the prime factors of s.
2, 11
Let a(o) = 2*o + 20. Suppose 0 = -3*d + 7*d + 20. Let w be a(d). Suppose 5 + w = y. What are the prime factors of y?
3, 5
Let h = 13665 - 4592. List the prime factors of h.
43, 211
Suppose -f + 15510 = 4*l, -77550 = -298*f + 293*f + 5*l. List the prime factors of f.
2, 3, 5, 11, 47
Suppose -505*o = -509*o + 10 + 2. Let h(t) be the first derivative of t**4/2 + 2*t**3/3 + 4*t**2 - 12*t + 1. List the prime factors of h(o).
2, 3, 7
Let z = -4241 + 13457. List the prime factors of z.
2, 3
Let x = -43 - -127. Suppose -3*s + x = -552. List the prime factors of s.
2, 53
Let y(s) = -869*s - 123. Let k be y(-12). Suppose 36*r - 27*r = k. List the prime factors of r.
5, 229
Suppose -5*d + 17 = -38. Suppo